9. Is y(75) a composite number?
True
Suppose -2*b - d + 2930 = 0, -4*d = d + 10. Suppose -a + 3*k = -503 - b, -5842 = -3*a - 4*k. Is -4 + a + 3 + -2 prime?
True
Let b be -1 - (6 + 12549) - 8. Let i = -8527 - b. Is i composite?
True
Suppose -5*v + 5 = -5*a, -8*v - a = -3*v + 1. Suppose v = -2*z + 220 + 96. Is z prime?
False
Let v(z) = z**2 - 538*z**3 + 9 - 19 - 218*z**3 + 7*z + 12 + 5*z**2. Is v(-1) prime?
True
Suppose -4*t + 57 = -3*n - 36, 76 = 3*t + 4*n. Suppose 3*v - 11*v = t. Is (1037 - -2)*(9/(-3))/v a composite number?
False
Is (-5*(-1)/25)/(104/65161720) prime?
True
Let i(t) = -t**3 + 34*t**2 + 74*t - 69. Let b be i(36). Suppose -4*o + 5*y - 3*y = -39362, 4*y = -b*o + 29527. Is o a prime number?
False
Suppose -6*z - 157 = 5. Let a be z/36 - (-87)/4. Suppose 5695 = a*m - 16*m. Is m a composite number?
True
Let v = -46 + 54. Suppose v*c - 751 = 153. Suppose c = 7*i + 15. Is i prime?
False
Let d(k) = k**2 + 13*k - 21. Let j be d(2). Let s(h) = -2*h**2 - 2*h + 2*h**3 + 0*h - 10 - 7*h**2 - 2. Is s(j) a composite number?
True
Let a = 2235938 + -1473067. Is a prime?
True
Let k = 79810 + -49984. Let w = k + -20500. Is w prime?
False
Let q be ((-13320)/(-4))/(6/39) - 5. Suppose -5*j + 6*t + 21631 = 2*t, -5*j = 5*t - q. Is j a composite number?
False
Let z(k) = 15 + 413*k + 84 + 148 - 41. Is z(21) composite?
True
Suppose 26*o - 366507 = 274627. Is o a prime number?
True
Suppose 18287726 + 841735 = 39*o. Is o composite?
False
Is (55 + -9)*(3 + (-56068)/(-16))*2 composite?
True
Let b(q) = -1445*q + 339. Is b(-80) a composite number?
True
Let l(n) = -n**2 - 16*n - 36. Let s be l(-3). Suppose s*o = 8865 + 18678. Is o prime?
True
Suppose -3*n - 4*f = -195, 33 = n - 5*f - 51. Suppose -k + 22 = -n. Is k prime?
False
Let w(x) be the second derivative of 6*x**5/5 - 4*x**4/3 - 2*x**3/3 - x**2/2 + 3*x - 7. Is w(5) prime?
True
Let r be 0 - (4 - (-4 - -3)). Let s be 3057/(-7) - ((-231)/49 - r). Let h = s + 642. Is h a composite number?
True
Let y(m) = -5 - m - 16*m + 17 - 19*m**2 - m**3 + 5. Let h be (4 + -8)*(-1 - -6). Is y(h) composite?
False
Let z = -65362 + 136781. Is z a prime number?
True
Let s = 97 - 117. Let g be s/(-170) - 236/(-17). Suppose 2*u = g*u - 119532. Is u a composite number?
True
Let o(m) = 1633*m**2 - 78*m - 436. Is o(-15) prime?
False
Let n(l) = 10*l**2 + 8*l + 7. Let k be n(-1). Suppose 0 = -k*t - 7*t + 243728. Is t prime?
True
Suppose 4*r + 12 = 0, u - 4*r = -9*r - 25. Let m(b) = 56*b**2 - 10*b - 31. Is m(u) a composite number?
False
Suppose -27*c + 3886631 = -6*c + 28*c. Is c a prime number?
True
Let b = -403 - -405. Suppose -2*h + 15118 = b*n, h - 3*n = -6*n + 7567. Is h prime?
False
Let c be 4/4*-1 - -5. Suppose 2*u - c*x = u - 689, -4*u + x - 2726 = 0. Is (u/(-9))/((-1)/(-21)) a prime number?
False
Let a be (5 - (-155)/(-35)) + 3232/28. Is (94/(-4))/((-814)/a - -7) a prime number?
False
Let m(f) = -446*f + 201*f - 234*f - 13. Let o be m(-8). Suppose o = 10*l - 401. Is l a composite number?
True
Let d be ((-72)/60)/((-26)/20 + 1). Suppose 16 = -d*q + 2*l + 42, 0 = -2*l - 10. Suppose 1672 = -0*z + q*z + x, 0 = -2*x - 8. Is z a composite number?
False
Suppose 264 = -3*f + 2*p + 5744, 0 = 4*f - 5*p - 7309. Let j = -4659 + f. Let k = j - -5166. Is k a prime number?
True
Suppose -31*a + 873780 - 302822 = 0. Is a composite?
True
Let z = 4510280 + -2485549. Is z a prime number?
True
Let q(z) = -z**3 - 3*z**2 + 6*z + 5. Let p be q(-4). Let h(o) be the second derivative of 45*o**4/2 - 2*o**3/3 - 9*o**2/2 - 784*o - 3. Is h(p) a prime number?
False
Let b(n) = -n**3 - 39*n**2 - 50*n + 197. Is b(-64) a composite number?
True
Let o(q) = 2326*q + 167. Let i be o(7). Let a = 26728 - i. Is a composite?
True
Let t(x) = -3*x + 17. Let z be t(5). Let k be (1/8*-6)/(z/(-608)). Is (4 - k/16)/(2/(-16)) a prime number?
False
Let z(d) = -238*d - 11. Suppose 15 = -3*l + 2*x, -l - 22 = 3*l - 2*x. Let y be z(l). Suppose 5*j = 0, 0*g + y = 5*g + j. Is g composite?
False
Let y(j) = -j + 4. Let i be y(2). Let k(f) = 1. Let b(r) = 782*r + 5. Let s(o) = i*k(o) - b(o). Is s(-2) prime?
False
Let y(w) = -w**3 - 5*w**2 + 7*w + 5. Let k be y(-6). Is (k - (-112396)/(-12))/((-8)/12) prime?
True
Let o be (-15072)/(-228) + 2/(-19). Is 1918/6 - 44/o prime?
False
Suppose 4*z - 14 = -2*s, 5*z = -0*z - 3*s + 18. Is 1803 + 10/2 + z prime?
True
Let b(u) = u**3 + 22*u**2 - 22*u + 28. Let c be b(-23). Suppose c*j + 15 = 0, 0 = -3*h - j - 0*j - 6150. Let i = h - -3580. Is i a prime number?
True
Let c(m) = -2*m**3 + 39*m**2 - 55*m - 1681. Is c(-57) prime?
True
Let z(j) = 23*j - 171. Let r(i) = -2*i**2 - 19*i. Let c be r(-8). Is z(c) a prime number?
False
Let u(i) = 124*i**2 - 2*i + 71. Is u(11) a prime number?
True
Let r(c) = 6*c - 145. Is r(39) a composite number?
False
Suppose -93*d + 98*d = 5*p + 1115215, 3*p - 892130 = -4*d. Is d composite?
False
Is ((-1146553)/(-274) - (1 - -7))/(2/4) a prime number?
True
Suppose 85 = 11*k + 547. Is (2/8 - k/(-8)) + 8158 a composite number?
True
Suppose 273*q - 110465115 - 13915050 = 0. Is q a composite number?
True
Let c be (4314/4)/(12/56). Is ((-4)/(-2))/(2/c) a composite number?
True
Suppose -13 = 2*z - 49. Let b(l) = z + 7*l + 81*l**2 - 17 + 2*l. Is b(-3) a composite number?
True
Let z(f) = 20 + 55*f + 40 - 8. Suppose 3*k + 2*g - 39 = 0, -4*g - 2 = 10. Is z(k) composite?
False
Let i(h) = 1392*h**2 - 102*h - 3142. Is i(-28) composite?
True
Suppose 5*l - 45 = 3*p - p, -5*p = -2*l - 3. Is 1 + 8 + -8 + l*671 a prime number?
False
Let t(n) = -n**2 - 9*n - 22. Let i be t(-7). Let o(v) = -398*v - 31. Is o(i) composite?
True
Suppose -3*t = -4*o - 150971, 0 = -3*t - 18*o + 20*o + 150973. Let i = 96332 - t. Is i a composite number?
True
Let v(i) = i**2 + 6*i - 24. Let w be v(3). Is 33/(-99) + 8278/w a composite number?
True
Suppose g - 3*n = 0, 3*g - 9 - 1 = -n. Let r be (-3 - (-228)/(-9))*g. Let b = r - -206. Is b composite?
True
Let w = 249475 - 62012. Is w a composite number?
False
Let u = 31490 + 50019. Is u a prime number?
True
Suppose 2*d + 2*d + 2831 = -f, f = -5*d - 3540. Let z = d + 2786. Is z a composite number?
True
Suppose 5*r - 388283 = -3*q + 12620, 5*q = 2*r + 668151. Is q composite?
False
Let b(l) = 701 + l**3 - l**3 + l**3. Let u(p) = p**2 + 8*p + 7. Let g be u(-7). Is b(g) prime?
True
Suppose -13*p + 11 = -67. Let i(d) = d**3 - 7*d**2 - 11*d + 1. Let w be i(8). Is (4/p)/(6/(-9))*w prime?
True
Suppose y + y = -3*y. Suppose y = 2*t - 2*q + q - 19245, 3*q = -9. Suppose -12*i + 15*i = t. Is i prime?
False
Let m be 32/4 + -4 - -6. Suppose 10*y - 27700 = -m*y. Is y prime?
False
Suppose 29655 + 4516 = k. Is k a prime number?
True
Let q be (-3 + 4)*(-3)/(-4)*4. Suppose q*v - 226 = -5*f + 389, 2*v = -4*f + 492. Suppose -974 = f*k - 125*k. Is k a composite number?
False
Let n be ((-48)/30)/(2/(-5)). Let x be 1197 + (-2 - -2 - n). Let p = x + -486. Is p a prime number?
False
Suppose -4*s = 4*h - 1826404, 0 = 6*h + s - 1798151 - 941485. Is h a composite number?
False
Suppose -408*o - 2*i = -410*o + 30894, 30897 = 2*o - 5*i. Is o a prime number?
False
Let p(w) = w**3 - 3*w**2 + 9*w - 4. Let c be (-1 - 0)*-4 - 5. Let d be c - -1 - (-18)/2. Is p(d) a composite number?
False
Is (-666265)/(-13) + ((-4720)/260 - -18) composite?
True
Suppose 0 = -3*a + 4*x + 45 - 12, -a = 2*x - 11. Let s(q) = -18*q - q**2 + a*q + 8*q + 1 + 361*q**3. Is s(2) composite?
False
Suppose 18 = -28*y + 25*y. Is y - 2 - (-5061 + 24) prime?
False
Let i(t) = -t**3 + 2*t**2 + 3*t + 6165. Let h = 62 + -62. Let d be i(h). Suppose 12*n = 1167 + d. Is n a composite number?
True
Suppose -y - 11461 = -2*u, 0*u - 5*u - 4*y = -28633. Suppose 10*t - u = -439. Is t a prime number?
False
Let i(l) = 77*l**3 + 3*l**2 - 6*l + 11. Suppose -p + 2 + 1 = 2*v, 5*p - 15 = -4*v. Is i(p) prime?
True
Let t be 1 - (1/(-5))/((-1)/5). Suppose -m + 1074 = 2*g, -4*g + 2124 = -t*g - 4*m. Is (-2 - g)*(-1 - (-4)/6) prime?
True
Let n(i) = 14*i**2 - 4*i + 629. Is n(59) prime?
False
Suppose 16*s = -3*g + 14*s + 2610723, -s + 870242 = g. Is g a prime number?
True
Let c(g) = 67*g - 33. Let m(d) = -135*d + 67. Let j(x) = 13*c(x) + 6*m(x). Let q be j(-4). Let o = q + 432. Is o a prime number?
False
Let d = 21499 - -2211. Suppose -31*n = -41*n + d. Is n a prime number?
True
Suppose 0 = 3*l - 7*l + 7448. Let o be 